948/10. Let b = q - 57. What are the prime factors of b?
2, 19
Let v = -21 - -24. Suppose 4*r + a - 15 = -40, -v*r - 4*a - 9 = 0. What are the prime factors of (-8)/28 + (-198)/r?
2, 7
Let t = 2028 - 1130. What are the prime factors of t?
2, 449
Suppose 27*d + 8351 = 34*d. What are the prime factors of d?
1193
Let s(l) = -2*l - 6. Let r be s(-3). Let b(c) = -c - 10. Let o be b(-11). List the prime factors of (r - -4) + 7 + o.
2, 3
Let p be (-245)/(-14) + (-2)/4. Suppose 2*q - 2*m + 38 = m, 0 = -4*q + 4*m - 72. Let c = p - q. List the prime factors of c.
3, 11
Suppose -4*m + 9888 = 5*x, -3*m - 26 = -32. List the prime factors of x.
2, 13, 19
Let m = 12 - 8. Let i be (m + -2)/((-4)/(-6)). Suppose r - i*q = -2*r + 69, 5*r - 3*q - 111 = 0. What are the prime factors of r?
3, 7
Let l(a) = -a**3 + 4*a**2 - 5*a + 4. Let s be l(2). Suppose 2*r - 160 = s*u, 2*r + 3*u = 6*r - 316. What are the prime factors of r?
2, 19
Let a(v) = -v**3 + v**2 - v + 32. Suppose 0*q = -2*q. What are the prime factors of a(q)?
2
Let o = 40 - 30. Suppose o*j = 7*j + 144. List the prime factors of j.
2, 3
Suppose 0*o - 5*o + 20 = 0. Suppose 5*y = -3*g + 656, -5*y + o*g + 116 = -526. What are the prime factors of y?
2, 5, 13
Suppose -3*j - 770 = -3*o + 2*j, -2*o + 3*j + 514 = 0. Suppose 0 = 40*x - 45*x + o. What are the prime factors of x?
2, 13
Suppose 2*k + 5*x - 914 = 0, 4*x - 456 = -k + x. List the prime factors of k.
2, 3, 7, 11
Let r(b) = -360*b - 7. Let n be r(-2). Suppose 2*h - 4*x - 326 = 0, 5*h - n = 2*x + 78. List the prime factors of h.
157
Let g(r) = -9*r**2 + r + 1. Let m(j) = -8*j**2 + j + 1. Let q(x) = -4*g(x) + 3*m(x). List the prime factors of q(-1).
2, 3
Let o(h) = 2*h**2 + 12*h + 66. List the prime factors of o(-25).
2, 127
Let r(u) = 6*u**3 - 3*u**2 + u - 3. Let g be r(3). Let i = 336 - g. What are the prime factors of i?
3, 67
Let n = -106 + -4. Let r = n + 226. Suppose 0 = 4*k + 5*y - y - 112, -4*k - 5*y + r = 0. List the prime factors of k.
2, 3
Suppose w + 2*w = 5*t - 196, 162 = 4*t - 5*w. Let h = 105 - t. What are the prime factors of h?
67
Suppose t - 266 = 46. List the prime factors of t.
2, 3, 13
Let y(g) be the first derivative of 73*g**3/3 + g + 19. What are the prime factors of y(-1)?
2, 37
Let s(i) = 12*i - 1. Let x be s(1). Let h be 8/(-10)*(-110)/x. List the prime factors of 244/h - (-2)/4.
31
Let f(w) be the first derivative of 12*w**2 - 2*w + 14. What are the prime factors of f(4)?
2, 47
Suppose -42*p + 8*p = -60112. List the prime factors of p.
2, 13, 17
Let p(l) = -5*l**2 + 73*l - 77. Let d(x) = x**2 - 18*x + 19. Let o(w) = 9*d(w) + 2*p(w). List the prime factors of o(-15).
2
Suppose 108*u = 112*u - 6920. What are the prime factors of u?
2, 5, 173
Suppose 0 = -2*v - 22*o + 18*o + 10092, o - 25185 = -5*v. List the prime factors of v.
2, 1259
Let h = -615 - -5597. What are the prime factors of h?
2, 47, 53
Suppose 2*u = -10, -a + 2*u - 191 = -2*a. What are the prime factors of a?
3, 67
Suppose 3*q - 5*o = 15, 5*q - 3*o = -0 + 9. Suppose q = -12*t - 1478 + 4478. List the prime factors of t.
2, 5
Let y(m) = 24*m + 44. List the prime factors of y(5).
2, 41
Let p(w) = -12*w**2. Let x be p(-1). Suppose 21*j = 311 + 424. List the prime factors of j/14*x/(-5).
2, 3
Let o = 284 + -321. Let h = -26 - -121. Let n = o + h. What are the prime factors of n?
2, 29
Suppose w + 43 = 2*w. Let t = w + -68. Let a = 72 + t. What are the prime factors of a?
47
Let d be 2000/12 + (-4)/6. Suppose -2*v + 870 = 5*b + 3*v, -b + v = -d. List the prime factors of b.
2, 5, 17
Suppose 24*i + 824 = r + 22*i, -3*i = -2*r + 1648. What are the prime factors of r?
2, 103
Let c(p) be the third derivative of p**6/120 + p**5/10 + p**4/24 + p**3/3 - p**2. Let o be c(-5). Let z = o - 2. What are the prime factors of z?
2, 5
Let i(j) = 4*j - 3. Let l be i(3). Suppose 3*w = 4*y + 38, -2*y - 2*y = -5*w + 50. Suppose -l*x + w*x = -105. List the prime factors of x.
5, 7
Let a(x) = -x**2 - 3*x + 53. Let z be a(0). What are the prime factors of (z/3)/(1/6)?
2, 53
Suppose -3*k + 120 = 5*f, -2*k + 6*k + 85 = 5*f. Suppose 27 = h - f. List the prime factors of h.
2, 3
Let h = -348 + 519. What are the prime factors of h?
3, 19
What are the prime factors of (9/(9/(-74)))/((-3)/18)?
2, 3, 37
Let a(m) = m**3 + 13*m**2 - 20*m - 3. Let z(v) = 4*v**2 + 49*v - 2. Let t be z(-12). What are the prime factors of a(t)?
3
Suppose 0 = 5*r - 3 + 38. Let m = 2 + r. List the prime factors of -2 + (-44)/(3 + m).
2, 5
Let o(y) = y**3 + 4*y**2 + 3. Let h be o(-4). Suppose 30 = 5*u - h*u. What are the prime factors of u?
3, 5
Suppose -y = 4*l - 164, -2*y + 61 = -2*l - 257. What are the prime factors of y?
2, 5
Let s(c) = 23*c - 29. Let v(b) = -24*b + 27. Let x(w) = -3*s(w) - 2*v(w). What are the prime factors of x(-13)?
2, 3, 17
Let l(w) = w**2 - 2*w - 3. Let c be l(4). Suppose 14*q - 112 = 10*q. Suppose c*b + 3 = q. What are the prime factors of b?
5
List the prime factors of 4254/2 - 12/(72/(-42)).
2, 11, 97
Let t be (-72)/(-5) + (-6)/15. Suppose 0*o + t = o. What are the prime factors of 116/o - 14/49?
2
List the prime factors of (4 - -14)/6*58/3.
2, 29
Let o(d) = -d + 10. Let h be o(6). Suppose -299 + 13 = -4*c + 5*j, 0 = c + h*j - 61. Suppose -3*p - 3 = 6, 3*m - c = -4*p. What are the prime factors of m?
3
Let w(d) = 2*d**2 + 6*d - 9. Let h(v) = v**2 + v - 1. Let g(a) = 5*h(a) - w(a). Let z be ((-6)/12)/(2/(-12)). List the prime factors of g(z).
2, 7
Let m = -3 + 5. Let a be (1 - -3) + m*5. Let n = a - -5. List the prime factors of n.
19
Let g = -4 - -4. Let n = g + 13. List the prime factors of n.
13
Suppose 0 = -0*i - 2*i + 200. Suppose -328 + i = -4*g. List the prime factors of g.
3, 19
Suppose 0 = 31*h + 3549 - 86102. List the prime factors of h.
2663
Let w = -4 + -6. Let d(j) = 97 + 2*j - 6*j + 0*j - 93. List the prime factors of d(w).
2, 11
Let c = 1274 + -614. Suppose -12*v = -6*v - c. What are the prime factors of v?
2, 5, 11
Let b = 282 - 148. Suppose 12*o + b = 14*o. List the prime factors of o.
67
Let c be (-54)/81 - (-988)/6. Let r = 300 - c. What are the prime factors of r?
2, 17
What are the prime factors of (-391)/((0 + 1)*12/(-36))?
3, 17, 23
Let i(z) = 15*z**3 - 2*z**2 - z. Let b be i(-1). Let v be (6/12)/(2/b). Let f(r) = -r**3 - 5*r**2 - 4*r + 8. List the prime factors of f(v).
2
Suppose 0*d + 2*d = 6. Suppose -g = -d - 4. Let k(a) = 2*a**2 - 9*a + 4. What are the prime factors of k(g)?
3, 13
Suppose 0 = -2*j - 10 - 0. Let t = 0 - j. Let k = 28 - t. List the prime factors of k.
23
Suppose -3270 = -3*q + 3*i, -2*q + 3*q = 3*i + 1080. List the prime factors of q.
3, 5, 73
Let a(g) = 57*g. Let u be ((-6)/(-30))/(2/10). What are the prime factors of a(u)?
3, 19
Suppose d + 4*z = -3*d, -5*d = -5*z + 10. Let b(a) = -37*a - 1. What are the prime factors of b(d)?
2, 3
Suppose -7725 = -8*z - 1717. What are the prime factors of z?
751
Suppose 10*l - 2512 = 8*l - 2*o, 2*l - 2528 = 2*o. List the prime factors of l.
2, 3, 5, 7
Let w = 6184 - 3762. What are the prime factors of w?
2, 7, 173
Let g(b) = 136*b**3 + 2*b**2 + b - 1. List the prime factors of g(2).
1097
What are the prime factors of 948/(3*(-4)/4 - -5)?
2, 3, 79
Let x(m) = -m**3 - 3*m - 2. Let t be x(2). Let c = t - -40. What are the prime factors of c?
2, 3
Let q(v) = -1. Let x(o) = -19*o - 40. Let c(u) = 6*q(u) - x(u). What are the prime factors of c(6)?
2, 37
Suppose 0 = 5*u - 25, -4*x + 3*u + 1062 = u. Let d = -118 + x. List the prime factors of d.
2, 3, 5
Suppose -355 = -2*m + 33. What are the prime factors of m?
2, 97
Suppose 60*w = 53*w - 14. List the prime factors of (-12)/((-12)/w) - -283.
281
Let r = -40 + 71. Let l(g) = -g + 2. Let k be l(0). Suppose -r = z - k*z. What are the prime factors of z?
31
Let h(u) = -44*u - 7. Let x be h(-4). Suppose -i + 5*a = -58, 2*i - x + 67 = -4*a. List the prime factors of i.
53
Suppose 5*z - 3*i = 10334, 32*i + 10 = 37*i. What are the prime factors of z?
2, 11, 47
Suppose 0 = -15*t + 20630 + 3850. List the prime factors of t.
2, 3, 17
Suppose -9*g + 4*g + 650 = 0. Suppose -g = -5*j + 4*q, 31 + 54 = 3*j - q. What are the prime factors of j?
2, 3, 5
Suppose 0*w = 5*w + 210. Let u be (-20)/(-6) - (-14)/w. Suppose -4*i - u = -15. What are the prime factors of i?
3
Let z be 0/1 - 17 - -2. Let i